List the prime factors of 621.
3, 23
List the prime factors of 8001.
3, 7, 127
What are the prime factors of 73205?
5, 11
What are the prime factors of 11690?
2, 5, 7, 167
What are the prime factors of 110?
2, 5, 11
What are the prime factors of 78813?
3, 7, 139
What are the prime factors of 1151?
1151
What are the prime factors of 9500?
2, 5, 19
What are the prime factors of 1432?
2, 179
What are the prime factors of 81?
3
What are the prime factors of 2140?
2, 5, 107
List the prime factors of 892.
2, 223
What are the prime factors of 1823?
1823
What are the prime factors of 5195?
5, 1039
What are the prime factors of 13820?
2, 5, 691
What are the prime factors of 2516?
2, 17, 37
List the prime factors of 2791.
2791
What are the prime factors of 4478?
2, 2239
List the prime factors of 1968.
2, 3, 41
What are the prime factors of 1085?
5, 7, 31
List the prime factors of 649.
11, 59
List the prime factors of 29284.
2, 7321
List the prime factors of 4302.
2, 3, 239
List the prime factors of 24566.
2, 71, 173
List the prime factors of 21443.
41, 523
List the prime factors of 15799.
7, 37, 61
List the prime factors of 51117.
3, 11, 1549
List the prime factors of 30678.
2, 3, 5113
What are the prime factors of 2392?
2, 13, 23
List the prime factors of 84776.
2, 10597
What are the prime factors of 32365?
5, 6473
List the prime factors of 9943.
61, 163
List the prime factors of 10607.
10607
List the prime factors of 1284.
2, 3, 107
List the prime factors of 24176.
2, 1511
What are the prime factors of 41106?
2, 3, 13, 17, 31
List the prime factors of 256.
2
What are the prime factors of 11979?
3, 11
List the prime factors of 861.
3, 7, 41
List the prime factors of 1810.
2, 5, 181
What are the prime factors of 2776?
2, 347
What are the prime factors of 17126?
2, 8563
What are the prime factors of 3497?
13, 269
List the prime factors of 17330.
2, 5, 1733
What are the prime factors of 4205?
5, 29
What are the prime factors of 10165?
5, 19, 107
List the prime factors of 1777.
1777
What are the prime factors of 86425?
5, 3457
List the prime factors of 21933.
3, 2437
What are the prime factors of 811?
811
List the prime factors of 59883.
3, 19961
List the prime factors of 1330.
2, 5, 7, 19
What are the prime factors of 16382?
2, 8191
List the prime factors of 1015.
5, 7, 29
List the prime factors of 118750.
2, 5, 19
What are the prime factors of 16185?
3, 5, 13, 83
What are the prime factors of 1163?
1163
List the prime factors of 6034.
2, 7, 431
List the prime factors of 31089.
3, 43, 241
What are the prime factors of 1018?
2, 509
What are the prime factors of 1355?
5, 271
What are the prime factors of 10137?
3, 31, 109
What are the prime factors of 14140?
2, 5, 7, 101
What are the prime factors of 4?
2
List the prime factors of 515.
5, 103
List the prime factors of 49473.
3, 23, 239
List the prime factors of 97656.
2, 3, 13, 313
List the prime factors of 1821.
3, 607
What are the prime factors of 167003?
23, 53, 137
List the prime factors of 1581.
3, 17, 31
List the prime factors of 27831.
3, 9277
List the prime factors of 346.
2, 173
What are the prime factors of 238?
2, 7, 17
What are the prime factors of 2196?
2, 3, 61
List the prime factors of 25397.
109, 233
List the prime factors of 8602.
2, 11, 17, 23
List the prime factors of 1880.
2, 5, 47
What are the prime factors of 17434?
2, 23, 379
What are the prime factors of 9744?
2, 3, 7, 29
List the prime factors of 1202.
2, 601
What are the prime factors of 783?
3, 29
What are the prime factors of 29170?
2, 5, 2917
What are the prime factors of 4391?
4391
List the prime factors of 811.
811
List the prime factors of 37132.
2, 9283
List the prime factors of 771.
3, 257
List the prime factors of 171565.
5, 34313
List the prime factors of 753.
3, 251
What are the prime factors of 95277?
3, 7, 13, 349
What are the prime factors of 2011?
2011
What are the prime factors of 10036?
2, 13, 193
What are the prime factors of 49684?
2, 12421
List the prime factors of 4765.
5, 953
What are the prime factors of 957?
3, 11, 29
What are the prime factors of 92785?
5, 7, 11, 241
What are the prime factors of 29551?
29, 1019
What are the prime factors of 32862?
2, 3, 5477
What are the prime factors of 741?
3, 13, 19
List the prime factors of 132.
2, 3, 11
List the prime factors of 16994.
2, 29, 293
What are the prime factors of 1023?
3, 11, 31
What are the prime factors of 33747?
3, 7, 1607
List the prime factors of 34439.
34439
What are the prime factors of 832?
2, 13
List the prime factors of 263.
263
What are the prime factors of 2713?
2713
List the prime factors of 2382.
2, 3, 397
What are the prime factors of 8744?
2, 1093
List the prime factors of 20824.
2, 19, 137
What are the prime factors of 129368?
2, 103, 157
List the prime factors of 38554.
2, 37, 521
List the prime factors of 84895.
5, 16979
What are the prime factors of 6903?
3, 13, 59
List the prime factors of 14585.
5, 2917
What are the prime factors of 8114?
2, 4057
List the prime factors of 4219.
4219
What are the prime factors of 34752?
2, 3, 181
List the prime factors of 214.
2, 107
What are the prime factors of 400?
2, 5
List the prime factors of 72604.
2, 7, 2593
What are the prime factors of 1230?
2, 3, 5, 41
What are the prime factors of 2617?
2617
What are the prime factors of 3952?
2, 13, 19
List the prime factors of 167840.
2, 5, 1049
What are the prime factors of 6198?
2, 3, 1033
What are the prime factors of 841?
29
List the prime factors of 1630.
2, 5, 163
List the prime factors of 48486.
2, 3, 8081
What are the prime factors of 56265?
3, 5, 11, 31
List the prime factors of 23377.
97, 241
List the prime factors of 15745.
5, 47, 67
What are the prime factors of 5942?
2, 2971
List the prime factors of 13845.
3, 5, 13, 71
List the prime factors of 48989.
48989
What are the prime factors of 1124?
2, 281
List the prime factors of 66566.
2, 83, 401
List the prime factors of 13591.
13591
List the prime factors of 3426.
2, 3, 571
What are the prime factors of 1267?
7, 181
List the prime factors of 62411.
139, 449
List the prime factors of 8726.
2, 4363
What are the prime factors of 95428?
2, 23857
What are the prime factors of 20650?
2, 5, 7, 59
List the prime factors of 850.
2, 5, 17
What are the prime factors of 191755?
5, 38351
What are the prime factors of 62309?
13, 4793
List the prime factors of 11153.
19, 587
List the prime factors of 47719.
7, 17, 401
List the prime factors of 778.
2, 389
What are the prime factors of 5029?
47, 107
What are the prime factors of 16122?
2, 3, 2687
What are the prime factors of 1248?
2, 3, 13
What are the prime factors of 1570?
2, 5, 157
List the prime factors of 35349.
3, 11783
What are the prime factors of 96?
2, 3
List the prime factors of 363.
3, 11
What are the prime factors of 19206?
2, 3, 11, 97
List the prime factors of 29659.
7, 19, 223
List the prime factors of 837.
3, 31
What are the prime factors of 2375?
5, 19
What are the prime factors of 66494?
2, 33247
What are the prime factors of 1171?
1171
What are the prime factors of 41757?
3, 31, 449
List the prime factors of 55926.
2, 3, 13, 239
List the prime factors of 523.
523
List the prime factors of 1330.
2, 5, 7, 19
What are the prime factors of 866?
2, 433
List the prime factors of 784.
2, 7
List the prime factors of 24.
2, 3
What are the prime factors of 555?
3, 5, 37
What are the prime factors of 3882?
2, 3, 647
What are the prime factors of 3777?
3, 1259
What are the prime factors of 65?
5, 13
List the prime factors of 15523.
19, 43
What are the prime factors of 3999?
3, 31, 43
List the prime factors of 458.
2, 229
List the prime factors of 2384.
2, 149
List the prime factors of 3642.
2, 3, 607
What are the prime factors of 3267?
3, 11
List the prime factors of 703.
19, 37
What are the prime factors of 2183?
37, 59
List the prime factors of 26043.
3, 8681
What are the prime factors of 499?
499
What are the prime factors of 189?
3, 7
List the prime factors of 1425.
3, 5, 19
List the prime factors of 7356.
2, 3, 613
What are the prime factors of 530?
2, 5, 53
List the prime factors of 2560.
2, 5
What are the prime factors of 59395?
5, 7, 1697
What are the prime factors of 716?
2, 179
What are the prime factors of 145310?
2, 5, 11, 1321
List